{"id":581,"date":"2013-08-29T15:27:19","date_gmt":"2013-08-29T13:27:19","guid":{"rendered":"http:\/\/babar.chili.ch\/wordpress\/?page_id=581"},"modified":"2025-09-25T13:48:54","modified_gmt":"2025-09-25T11:48:54","slug":"home-2","status":"publish","type":"page","link":"https:\/\/www.le-roi-babar.ch\/","title":{"rendered":"Home"},"content":{"rendered":"<p>Le Roi BABAR ist der <strong>Elefantenk\u00f6nig<\/strong> aus dem franz\u00f6sischen Kinderbuch von Jean de Brunhoff.<\/p>\n<address>(BABAR bittet darum, seinen Namen mit <strong>einem<\/strong> R zu schreiben &#8211; er ist nicht der K\u00f6nig der Ba<strong>r<\/strong>baren\u2026)<\/address>\n<p><a href=\"\/wp-content\/uploads\/2013\/08\/le-roi-babar.jpg\"><img loading=\"lazy\" decoding=\"async\" class=\"aligncenter wp-image-590 size-full\" src=\"\/wp-content\/uploads\/2013\/08\/le-roi-babar.jpg\" alt=\"le roi babar\" width=\"300\" height=\"390\" srcset=\"https:\/\/www.le-roi-babar.ch\/wp-content\/uploads\/2013\/08\/le-roi-babar.jpg 300w, https:\/\/www.le-roi-babar.ch\/wp-content\/uploads\/2013\/08\/le-roi-babar-230x300.jpg 230w\" sizes=\"auto, (max-width: 300px) 100vw, 300px\" \/><\/a><\/p>\n<p>Unter dem Namen <strong>Le Roi BABAR<\/strong> lief aber auf Frankreichs Binnengew\u00e4ssern auch mal ein <strong>Hausboot<\/strong>, ein Stahlverdr\u00e4nger der 13m &#8211; Klasse.<\/p>\n<p><strong>Es ist der Hauptdarsteller dieser Webseite.<\/strong><\/p>\n<p><a href=\"\/wp-content\/uploads\/2019\/11\/Schiff.009-1024x768.jpg\"><img loading=\"lazy\" decoding=\"async\" class=\"alignnone\" src=\"\/wp-content\/uploads\/2019\/11\/Schiff.009-1024x768.jpg\" alt=\"Schiff.009\" width=\"584\" height=\"438\" \/><\/a><\/p>\n<p>&nbsp;<\/p>\n<p><em><strong>NB<\/strong>: Wie kommt man dazu, ein Schiff ausgerechnet auf den Namen BABAR zu taufen?!<\/em><\/p>\n<p><em>Vielleicht hilft das weiter:<\/em><\/p>\n<p><a href=\"\/wp-content\/uploads\/2013\/08\/PhotoScan.jpg\"><img loading=\"lazy\" decoding=\"async\" class=\"alignnone wp-image-6085 size-large\" src=\"\/wp-content\/uploads\/2013\/08\/PhotoScan-1024x697.jpg\" alt=\"\" width=\"584\" height=\"398\" srcset=\"https:\/\/www.le-roi-babar.ch\/wp-content\/uploads\/2013\/08\/PhotoScan-1024x697.jpg 1024w, https:\/\/www.le-roi-babar.ch\/wp-content\/uploads\/2013\/08\/PhotoScan-300x204.jpg 300w, https:\/\/www.le-roi-babar.ch\/wp-content\/uploads\/2013\/08\/PhotoScan-768x523.jpg 768w, https:\/\/www.le-roi-babar.ch\/wp-content\/uploads\/2013\/08\/PhotoScan-440x300.jpg 440w\" sizes=\"auto, (max-width: 584px) 100vw, 584px\" \/><\/a><\/p>\n<p><em>Datiert: 10.\/11. Juli 1948<br \/>\nSigniert: Reni<\/em><\/p>\n<p><em>Tempora mutantur<\/em>\u2026.<\/p>\n<p>&nbsp;<\/p>\n<p>Also denn:<\/p>\n<p><strong>Le Roi BABAR<\/strong> war eine etwas spezielle Ausf\u00fchrung eines sonst als Charterboot in Gebrauch stehenden Schiffsmodells.<br \/>\nN\u00e4heres dazu ist im Kapitel &#8222;<em>Das Schiff<\/em>&#8220; beschrieben.<\/p>\n<p>Was <strong>vor <\/strong>Le Roi BABAR war (und hie und da auch heute noch <strong>nach<\/strong> Le Roi BABAR stattfindet), ist im Kapitel &#8222;<em>fr\u00fcher (und heute&#8230;)&#8220;<\/em> zusammengefasst.<\/p>\n<p>Wer sich von Le Roi BABAR auf (vorwiegend) franz\u00f6sischen Binnengew\u00e4ssern herumfahren liess, findet sich im Kapitel &#8222;<em>Besatzung und G\u00e4ste&#8220;<\/em>. Hier finden sich auch Hinweise auf einschl\u00e4gige Vereinigungen und solche auf kulinarische Randerscheinungen.<\/p>\n<p>Im Kapitel &#8222;<em>Fahrjahre<\/em>&#8220; sind die Fahrten von Le Roi BABAR tagebuchartig dargestellt, und im Kapitel &#8222;<em>Aktuelles<\/em>&#8220; sollten Aktualit\u00e4ten, einige Zahlen-Spielereien und ein paar \u00fcberfl\u00fcssige Bemerkungen vom Kanalrand zu finden sein.<\/p>\n<p>Administrative und organisatorische Hinweise finden sich schliesslich unter &#8222;<em>Links<\/em>&#8220; und &#8222;<em>Copyright und Kontakt&#8220;<\/em>.<\/p>\n<p>&nbsp;<\/p>\n<p><strong>Zuerst jetzt aber dies: <\/strong><\/p>\n<p><strong>Warum f\u00e4hrt man eigentlich Hausboot?<\/strong><br \/>\nOder h\u00e4lt sich sogar ein eigenes?<\/p>\n<p>Der entsprechenden <strong>Philosophien<\/strong> gibt es so viele wie Hausboot-Begeisterte (und das sind sehr viele&#8230;).<\/p>\n<p>F\u00fcr <em>uns<\/em> galt etwa die folgende <strong>Zielsetzung<\/strong>:<br \/>\n&#8211; an der frischen Luft sein (wir fahren im Freien, draussen, an Sonne, Wind und Regen)<br \/>\n&#8211; an und in die Natur kommen<br \/>\n&#8211; entschleunigen.<\/p>\n<p><a href=\"\/wp-content\/uploads\/2013\/08\/wp.362.jpg\"><img loading=\"lazy\" decoding=\"async\" class=\"alignnone wp-image-5933 size-large\" src=\"\/wp-content\/uploads\/2013\/08\/wp.362-1024x768.jpg\" alt=\"wp-362\" width=\"584\" height=\"438\" srcset=\"https:\/\/www.le-roi-babar.ch\/wp-content\/uploads\/2013\/08\/wp.362-1024x768.jpg 1024w, https:\/\/www.le-roi-babar.ch\/wp-content\/uploads\/2013\/08\/wp.362-300x225.jpg 300w, https:\/\/www.le-roi-babar.ch\/wp-content\/uploads\/2013\/08\/wp.362-768x576.jpg 768w, https:\/\/www.le-roi-babar.ch\/wp-content\/uploads\/2013\/08\/wp.362-400x300.jpg 400w, https:\/\/www.le-roi-babar.ch\/wp-content\/uploads\/2013\/08\/wp.362.jpg 2048w\" sizes=\"auto, (max-width: 584px) 100vw, 584px\" \/><\/a><\/p>\n<p>Bei uns ging es nie darum, sich rasch vorw\u00e4rtszubewegen, und nur selten darum, zu einem bestimmten Zeitpunkt an einen bestimmten Ort hinzukommen.<\/p>\n<p>Das Schiff war also eine mobile Ferienwohnung, die mal hierhin, mal dorthin gestellt werden konnte, und nicht so sehr ein Transportmittel, um an ein Fahrziel zu gelangen.<\/p>\n<p>Uns gefiel es selten in einer Stadt, selten in einem Hafen und schon gar nicht in einer &#8222;Marina&#8220; (warum versucht eigentlich ein biederer See-, Fluss- oder Kanalhafen mit dieser Bezeichnung einem Mittelmeer-Privatjacht-Ambiente hinterher zu rennen? Er wird damit ja bloss <em>noch<\/em> b\u00fcnzliger\u2026).<\/p>\n<p><a href=\"\/wp-content\/uploads\/2013\/08\/DSCN4344-2.jpg\"><img loading=\"lazy\" decoding=\"async\" class=\"alignnone size-medium wp-image-6778\" src=\"\/wp-content\/uploads\/2013\/08\/DSCN4344-2-300x225.jpg\" alt=\"\" width=\"300\" height=\"225\" srcset=\"https:\/\/www.le-roi-babar.ch\/wp-content\/uploads\/2013\/08\/DSCN4344-2-300x225.jpg 300w, https:\/\/www.le-roi-babar.ch\/wp-content\/uploads\/2013\/08\/DSCN4344-2-768x576.jpg 768w, https:\/\/www.le-roi-babar.ch\/wp-content\/uploads\/2013\/08\/DSCN4344-2-1024x768.jpg 1024w, https:\/\/www.le-roi-babar.ch\/wp-content\/uploads\/2013\/08\/DSCN4344-2-400x300.jpg 400w\" sizes=\"auto, (max-width: 300px) 100vw, 300px\" \/><\/a> <a href=\"\/wp-content\/uploads\/2013\/08\/DSCN4372.jpg\"><img loading=\"lazy\" decoding=\"async\" class=\"alignnone size-medium wp-image-6779\" src=\"\/wp-content\/uploads\/2013\/08\/DSCN4372-300x225.jpg\" alt=\"\" width=\"300\" height=\"225\" srcset=\"https:\/\/www.le-roi-babar.ch\/wp-content\/uploads\/2013\/08\/DSCN4372-300x225.jpg 300w, https:\/\/www.le-roi-babar.ch\/wp-content\/uploads\/2013\/08\/DSCN4372-768x576.jpg 768w, https:\/\/www.le-roi-babar.ch\/wp-content\/uploads\/2013\/08\/DSCN4372-1024x768.jpg 1024w, https:\/\/www.le-roi-babar.ch\/wp-content\/uploads\/2013\/08\/DSCN4372-400x300.jpg 400w\" sizes=\"auto, (max-width: 300px) 100vw, 300px\" \/><\/a><\/p>\n<p>Wir fuhren dorthin und blieben &#8211; k\u00fcrzer oder l\u00e4nger &#8211; , wo es uns grad spontan gefiel, oder wo wir schon eine naturnahe Anlegem\u00f6glichkeit kannten.<\/p>\n<p><a href=\"\/wp-content\/uploads\/2013\/08\/wp.464.jpg\"><img loading=\"lazy\" decoding=\"async\" class=\"alignnone wp-image-5921 size-large\" src=\"\/wp-content\/uploads\/2013\/08\/wp.464-1024x768.jpg\" alt=\"wp-464\" width=\"584\" height=\"438\" srcset=\"https:\/\/www.le-roi-babar.ch\/wp-content\/uploads\/2013\/08\/wp.464-1024x768.jpg 1024w, https:\/\/www.le-roi-babar.ch\/wp-content\/uploads\/2013\/08\/wp.464-300x225.jpg 300w, https:\/\/www.le-roi-babar.ch\/wp-content\/uploads\/2013\/08\/wp.464-768x576.jpg 768w, https:\/\/www.le-roi-babar.ch\/wp-content\/uploads\/2013\/08\/wp.464-400x300.jpg 400w\" sizes=\"auto, (max-width: 584px) 100vw, 584px\" \/><\/a><\/p>\n<p>Uns gefiel es deshalb &#8222;irgendwo&#8220; am Kanalrand,<br \/>\n&#8211; wo es ein paar einsame Poller oder Ringe (oder sonstwas zum Boot-Anbinden) hat, und auf das Nageln verzichtet werden kann<br \/>\n&#8211; wo es weder einen Strom- noch einen Wasseranschluss &#8211; und darum auch kaum je andere Boote hat<br \/>\n&#8211; wo man einen Liegestuhl, ein Buch und auch mal einen Ros\u00e9 ins Gras stellen und die Ruhe geniessen kann<br \/>\n&#8211; wo der Hund einfach so raus und rumzigeunern und man Autoverkehr vergessen kann<\/p>\n<p><a href=\"\/wp-content\/uploads\/2013\/08\/engadin.silsersee.08-12.029.jpg\"><img loading=\"lazy\" decoding=\"async\" class=\"alignnone size-large wp-image-5922\" src=\"\/wp-content\/uploads\/2013\/08\/engadin.silsersee.08-12.029-1024x768.jpg\" alt=\"engadin-silsersee-08-12-029\" width=\"584\" height=\"438\" srcset=\"https:\/\/www.le-roi-babar.ch\/wp-content\/uploads\/2013\/08\/engadin.silsersee.08-12.029-1024x768.jpg 1024w, https:\/\/www.le-roi-babar.ch\/wp-content\/uploads\/2013\/08\/engadin.silsersee.08-12.029-300x225.jpg 300w, https:\/\/www.le-roi-babar.ch\/wp-content\/uploads\/2013\/08\/engadin.silsersee.08-12.029-768x576.jpg 768w, https:\/\/www.le-roi-babar.ch\/wp-content\/uploads\/2013\/08\/engadin.silsersee.08-12.029-400x300.jpg 400w\" sizes=\"auto, (max-width: 584px) 100vw, 584px\" \/><\/a><br \/>\n&#8211; wo man &#8211; k\u00fcrzere oder l\u00e4ngere &#8211; Wanderungen mit dem Hund in der Natur (und nicht in einer versiegelten Ortschaft) unternehmen kann (was in Frankreich zumindest auf dem Treidelpfad entlang des Kanals ja wirklich \u00fcberall problemlos m\u00f6glich ist)<\/p>\n<p><a href=\"\/wp-content\/uploads\/2013\/08\/1f.1-1.jpg\"><img loading=\"lazy\" decoding=\"async\" class=\"alignnone size-large wp-image-5927\" src=\"\/wp-content\/uploads\/2013\/08\/1f.1-1-1024x769.jpg\" alt=\"1f-1\" width=\"584\" height=\"439\" srcset=\"https:\/\/www.le-roi-babar.ch\/wp-content\/uploads\/2013\/08\/1f.1-1-1024x769.jpg 1024w, https:\/\/www.le-roi-babar.ch\/wp-content\/uploads\/2013\/08\/1f.1-1-300x225.jpg 300w, https:\/\/www.le-roi-babar.ch\/wp-content\/uploads\/2013\/08\/1f.1-1-768x577.jpg 768w, https:\/\/www.le-roi-babar.ch\/wp-content\/uploads\/2013\/08\/1f.1-1-400x300.jpg 400w, https:\/\/www.le-roi-babar.ch\/wp-content\/uploads\/2013\/08\/1f.1-1.jpg 1565w\" sizes=\"auto, (max-width: 584px) 100vw, 584px\" \/><\/a><br \/>\n&#8211; wo die N\u00e4chte (bei Neumond) dunkler und (wenn die nachtaktiven Tiere schweigen) stiller sind, als wir uns das heutzutage gewohnt sind<br \/>\n&#8211; wo sich Fuchs und Gans gute Nacht sagen, und wo man den beiden am sp\u00e4ten Abend und am fr\u00fchen Morgen auch \u00f6fter mal pers\u00f6nlich begegnet, zusammen mit Rehen, Wildschweinen, Hasen, Eulen und K\u00e4uzchen &#8211; und anderen K\u00e4uzen\u2026<\/p>\n<p><a href=\"\/wp-content\/uploads\/2013\/08\/PK.02-16.007.jpg\"><img loading=\"lazy\" decoding=\"async\" class=\"alignnone wp-image-5925 size-medium\" src=\"\/wp-content\/uploads\/2013\/08\/PK.02-16.007-238x300.jpg\" alt=\"pk-02-16-007\" width=\"238\" height=\"300\" srcset=\"https:\/\/www.le-roi-babar.ch\/wp-content\/uploads\/2013\/08\/PK.02-16.007-238x300.jpg 238w, https:\/\/www.le-roi-babar.ch\/wp-content\/uploads\/2013\/08\/PK.02-16.007.jpg 674w\" sizes=\"auto, (max-width: 238px) 100vw, 238px\" \/> <\/a><a href=\"\/wp-content\/uploads\/2013\/08\/PK.085-1.jpg\"><img loading=\"lazy\" decoding=\"async\" class=\"alignnone wp-image-5941 size-medium\" src=\"\/wp-content\/uploads\/2013\/08\/PK.085-1-200x300.jpg\" alt=\"pk-085\" width=\"200\" height=\"300\" srcset=\"https:\/\/www.le-roi-babar.ch\/wp-content\/uploads\/2013\/08\/PK.085-1-200x300.jpg 200w, https:\/\/www.le-roi-babar.ch\/wp-content\/uploads\/2013\/08\/PK.085-1.jpg 624w\" sizes=\"auto, (max-width: 200px) 100vw, 200px\" \/><\/a><\/p>\n<p><a href=\"\/wp-content\/uploads\/2013\/08\/CMR.09-18.198.2.jpg\"><img loading=\"lazy\" decoding=\"async\" class=\"alignnone wp-image-8832 size-large\" src=\"\/wp-content\/uploads\/2013\/08\/CMR.09-18.198.2-1024x768.jpg\" alt=\"\" width=\"584\" height=\"438\" srcset=\"https:\/\/www.le-roi-babar.ch\/wp-content\/uploads\/2013\/08\/CMR.09-18.198.2-1024x768.jpg 1024w, https:\/\/www.le-roi-babar.ch\/wp-content\/uploads\/2013\/08\/CMR.09-18.198.2-300x225.jpg 300w, https:\/\/www.le-roi-babar.ch\/wp-content\/uploads\/2013\/08\/CMR.09-18.198.2-768x576.jpg 768w, https:\/\/www.le-roi-babar.ch\/wp-content\/uploads\/2013\/08\/CMR.09-18.198.2-400x300.jpg 400w\" sizes=\"auto, (max-width: 584px) 100vw, 584px\" \/><\/a><\/p>\n<p>Wenn wir wieder mal einen solchen Ort gefunden hatten, kam es durchaus vor, dass unser urspr\u00fcngliches Reise&#8220;ziel&#8220; in unerreichbare Ferne r\u00fcckte &#8211; was soll&#8217;s!<\/p>\n<p>Oder anders: <em>Der Weg ist das Ziel<br \/>\n<\/em>und: <em>carpe diem <\/em><\/p>\n<p><a href=\"\/wp-content\/uploads\/2013\/08\/PK.099.jpg\"><img loading=\"lazy\" decoding=\"async\" class=\"alignnone wp-image-7124 size-large\" src=\"\/wp-content\/uploads\/2013\/08\/PK.099-1024x797.jpg\" alt=\"\" width=\"584\" height=\"455\" srcset=\"https:\/\/www.le-roi-babar.ch\/wp-content\/uploads\/2013\/08\/PK.099-1024x797.jpg 1024w, https:\/\/www.le-roi-babar.ch\/wp-content\/uploads\/2013\/08\/PK.099-300x233.jpg 300w, https:\/\/www.le-roi-babar.ch\/wp-content\/uploads\/2013\/08\/PK.099-768x598.jpg 768w, https:\/\/www.le-roi-babar.ch\/wp-content\/uploads\/2013\/08\/PK.099-386x300.jpg 386w\" sizes=\"auto, (max-width: 584px) 100vw, 584px\" \/><\/a><\/p>\n<p>Und noch dies:<br \/>\n<em>&#8222;Wir m\u00fcssen ihm seine kleine runde Zeitmaschine zerschlagen und ihm verk\u00fcnden, dass von Sonnenaufgang bis Sonnenuntergang viel mehr Zeit da ist, als ein Mensch gebrauchen kann.&#8220;<br \/>\n<\/em>Aus: Der Papalagi, Reden eines S\u00fcdseeh\u00e4uptlings<\/p>\n<p><a href=\"\/wp-content\/uploads\/2013\/08\/wp.322.jpg\"><img loading=\"lazy\" decoding=\"async\" class=\"size-large wp-image-5935\" src=\"\/wp-content\/uploads\/2013\/08\/wp.322-683x1024.jpg\" alt=\"My beautiful picture\" width=\"584\" height=\"876\" srcset=\"https:\/\/www.le-roi-babar.ch\/wp-content\/uploads\/2013\/08\/wp.322-683x1024.jpg 683w, https:\/\/www.le-roi-babar.ch\/wp-content\/uploads\/2013\/08\/wp.322-200x300.jpg 200w, https:\/\/www.le-roi-babar.ch\/wp-content\/uploads\/2013\/08\/wp.322-768x1152.jpg 768w, https:\/\/www.le-roi-babar.ch\/wp-content\/uploads\/2013\/08\/wp.322.jpg 1680w\" sizes=\"auto, (max-width: 584px) 100vw, 584px\" \/><\/a><\/p>\n<p>&nbsp;<\/p>\n<p>&nbsp;<\/p>\n<p>&nbsp;<\/p>\n<address>Letzte Ueberarbeitung: 25.09.2025<\/address>\n<p>&nbsp;<\/p>\n","protected":false},"excerpt":{"rendered":"<p>Le Roi BABAR ist der Elefantenk\u00f6nig aus dem franz\u00f6sischen Kinderbuch von Jean de Brunhoff. (BABAR bittet darum, seinen Namen mit einem R zu schreiben &#8211; er ist nicht der K\u00f6nig der Barbaren\u2026) Unter dem Namen Le Roi BABAR lief aber &hellip; <a href=\"https:\/\/www.le-roi-babar.ch\/\">Weiterlesen <span class=\"meta-nav\">&rarr;<\/span><\/a><\/p>\n","protected":false},"author":1,"featured_media":17,"parent":0,"menu_order":0,"comment_status":"closed","ping_status":"closed","template":"showcase.php","meta":{"footnotes":""},"class_list":["post-581","page","type-page","status-publish","has-post-thumbnail","hentry"],"_links":{"self":[{"href":"https:\/\/www.le-roi-babar.ch\/index.php?rest_route=\/wp\/v2\/pages\/581","targetHints":{"allow":["GET"]}}],"collection":[{"href":"https:\/\/www.le-roi-babar.ch\/index.php?rest_route=\/wp\/v2\/pages"}],"about":[{"href":"https:\/\/www.le-roi-babar.ch\/index.php?rest_route=\/wp\/v2\/types\/page"}],"author":[{"embeddable":true,"href":"https:\/\/www.le-roi-babar.ch\/index.php?rest_route=\/wp\/v2\/users\/1"}],"replies":[{"embeddable":true,"href":"https:\/\/www.le-roi-babar.ch\/index.php?rest_route=%2Fwp%2Fv2%2Fcomments&post=581"}],"version-history":[{"count":219,"href":"https:\/\/www.le-roi-babar.ch\/index.php?rest_route=\/wp\/v2\/pages\/581\/revisions"}],"predecessor-version":[{"id":10536,"href":"https:\/\/www.le-roi-babar.ch\/index.php?rest_route=\/wp\/v2\/pages\/581\/revisions\/10536"}],"wp:featuredmedia":[{"embeddable":true,"href":"https:\/\/www.le-roi-babar.ch\/index.php?rest_route=\/wp\/v2\/media\/17"}],"wp:attachment":[{"href":"https:\/\/www.le-roi-babar.ch\/index.php?rest_route=%2Fwp%2Fv2%2Fmedia&parent=581"}],"curies":[{"name":"wp","href":"https:\/\/api.w.org\/{rel}","templated":true}]}}