{"id":8890,"date":"2019-10-20T12:57:39","date_gmt":"2019-10-20T10:57:39","guid":{"rendered":"https:\/\/www.le-roi-babar.ch\/?page_id=8890"},"modified":"2022-08-29T13:39:12","modified_gmt":"2022-08-29T11:39:12","slug":"2020-2","status":"publish","type":"page","link":"https:\/\/www.le-roi-babar.ch\/?page_id=8890","title":{"rendered":"2020"},"content":{"rendered":"<p><strong>2020&#8230;.<\/strong><\/p>\n<p>.. das erste Coronajahr &#8211; ein &#8222;Fahrjahr&#8220; zum Vergessen&#8230;.<\/p>\n<p><a href=\"https:\/\/www.le-roi-babar.ch\/wp-content\/uploads\/2019\/10\/einwintern.10-16.026.1.jpg\"><img loading=\"lazy\" decoding=\"async\" class=\"alignnone wp-image-9081 size-large\" src=\"https:\/\/www.le-roi-babar.ch\/wp-content\/uploads\/2019\/10\/einwintern.10-16.026.1-1024x673.jpg\" alt=\"\" width=\"584\" height=\"384\" srcset=\"https:\/\/www.le-roi-babar.ch\/wp-content\/uploads\/2019\/10\/einwintern.10-16.026.1-1024x673.jpg 1024w, https:\/\/www.le-roi-babar.ch\/wp-content\/uploads\/2019\/10\/einwintern.10-16.026.1-300x197.jpg 300w, https:\/\/www.le-roi-babar.ch\/wp-content\/uploads\/2019\/10\/einwintern.10-16.026.1-768x504.jpg 768w, https:\/\/www.le-roi-babar.ch\/wp-content\/uploads\/2019\/10\/einwintern.10-16.026.1-457x300.jpg 457w\" sizes=\"auto, (max-width: 584px) 100vw, 584px\" \/><\/a><\/p>\n<p>Le Roi BABAR verbringt es im &#8222;Winterlager&#8220; am Trockenen &#8211; und ahnt bereits einen Eigent\u00fcmerwechsel voraus.<\/p>\n<p><a href=\"https:\/\/www.le-roi-babar.ch\/wp-content\/uploads\/2013\/08\/maloja.08-20.010.jpg\"><img loading=\"lazy\" decoding=\"async\" class=\"alignnone wp-image-9099 size-large\" src=\"https:\/\/www.le-roi-babar.ch\/wp-content\/uploads\/2013\/08\/maloja.08-20.010-1024x768.jpg\" alt=\"\" width=\"584\" height=\"438\" srcset=\"https:\/\/www.le-roi-babar.ch\/wp-content\/uploads\/2013\/08\/maloja.08-20.010-1024x768.jpg 1024w, https:\/\/www.le-roi-babar.ch\/wp-content\/uploads\/2013\/08\/maloja.08-20.010-300x225.jpg 300w, https:\/\/www.le-roi-babar.ch\/wp-content\/uploads\/2013\/08\/maloja.08-20.010-768x576.jpg 768w, https:\/\/www.le-roi-babar.ch\/wp-content\/uploads\/2013\/08\/maloja.08-20.010-400x300.jpg 400w\" sizes=\"auto, (max-width: 584px) 100vw, 584px\" \/><\/a><\/p>\n<p>Seine Besatzung weilt derweilen in den schweizerischen\u00a0 S\u00fcdalpen (woher kommen bloss pl\u00f6tzlich all die Touristenmassen &#8211; und all die elektromotorisierten Radfahrer, die im h\u00f6heren Alter ihre Jugendjahre nachzuempfinden versuchen und\u00a0 die Bergwanderwege zu Kampfzonen umfunktionieren??).<\/p>\n<p>&#8222;Qui chaque ann\u00e9e \u00e0 Maloja viendra, longtemps sur terre restera&#8220;\u00a0 heisst es an der Fassade unseres Nachbarhauses &#8211; gehen wir mal davon aus!<\/p>\n<p>&nbsp;<\/p>\n","protected":false},"excerpt":{"rendered":"<p>2020&#8230;. .. das erste Coronajahr &#8211; ein &#8222;Fahrjahr&#8220; zum Vergessen&#8230;. Le Roi BABAR verbringt es im &#8222;Winterlager&#8220; am Trockenen &#8211; und ahnt bereits einen Eigent\u00fcmerwechsel voraus. Seine Besatzung weilt derweilen in den schweizerischen\u00a0 S\u00fcdalpen (woher kommen bloss pl\u00f6tzlich all die &hellip; <a href=\"https:\/\/www.le-roi-babar.ch\/?page_id=8890\">Weiterlesen <span class=\"meta-nav\">&rarr;<\/span><\/a><\/p>\n","protected":false},"author":1,"featured_media":9061,"parent":0,"menu_order":0,"comment_status":"closed","ping_status":"closed","template":"showcase.php","meta":{"footnotes":""},"class_list":["post-8890","page","type-page","status-publish","has-post-thumbnail","hentry"],"_links":{"self":[{"href":"https:\/\/www.le-roi-babar.ch\/index.php?rest_route=\/wp\/v2\/pages\/8890","targetHints":{"allow":["GET"]}}],"collection":[{"href":"https:\/\/www.le-roi-babar.ch\/index.php?rest_route=\/wp\/v2\/pages"}],"about":[{"href":"https:\/\/www.le-roi-babar.ch\/index.php?rest_route=\/wp\/v2\/types\/page"}],"author":[{"embeddable":true,"href":"https:\/\/www.le-roi-babar.ch\/index.php?rest_route=\/wp\/v2\/users\/1"}],"replies":[{"embeddable":true,"href":"https:\/\/www.le-roi-babar.ch\/index.php?rest_route=%2Fwp%2Fv2%2Fcomments&post=8890"}],"version-history":[{"count":28,"href":"https:\/\/www.le-roi-babar.ch\/index.php?rest_route=\/wp\/v2\/pages\/8890\/revisions"}],"predecessor-version":[{"id":9519,"href":"https:\/\/www.le-roi-babar.ch\/index.php?rest_route=\/wp\/v2\/pages\/8890\/revisions\/9519"}],"wp:featuredmedia":[{"embeddable":true,"href":"https:\/\/www.le-roi-babar.ch\/index.php?rest_route=\/wp\/v2\/media\/9061"}],"wp:attachment":[{"href":"https:\/\/www.le-roi-babar.ch\/index.php?rest_route=%2Fwp%2Fv2%2Fmedia&parent=8890"}],"curies":[{"name":"wp","href":"https:\/\/api.w.org\/{rel}","templated":true}]}}

<p><strong>2020&#8230;.</strong></p>
<p>.. das erste Coronajahr &#8211; ein &#8222;Fahrjahr&#8220; zum Vergessen&#8230;.</p>
<p><a href="https://www.le-roi-babar.ch/wp-content/uploads/2019/10/einwintern.10-16.026.1.jpg"><img loading="lazy" decoding="async" class="alignnone wp-image-9081 size-large" src="https://www.le-roi-babar.ch/wp-content/uploads/2019/10/einwintern.10-16.026.1-1024x673.jpg" alt="" width="584" height="384" srcset="https://www.le-roi-babar.ch/wp-content/uploads/2019/10/einwintern.10-16.026.1-1024x673.jpg 1024w, https://www.le-roi-babar.ch/wp-content/uploads/2019/10/einwintern.10-16.026.1-300x197.jpg 300w, https://www.le-roi-babar.ch/wp-content/uploads/2019/10/einwintern.10-16.026.1-768x504.jpg 768w, https://www.le-roi-babar.ch/wp-content/uploads/2019/10/einwintern.10-16.026.1-457x300.jpg 457w" sizes="auto, (max-width: 584px) 100vw, 584px" /></a></p>
<p>Le Roi BABAR verbringt es im &#8222;Winterlager&#8220; am Trockenen &#8211; und ahnt bereits einen Eigentümerwechsel voraus.</p>
<p><a href="https://www.le-roi-babar.ch/wp-content/uploads/2013/08/maloja.08-20.010.jpg"><img loading="lazy" decoding="async" class="alignnone wp-image-9099 size-large" src="https://www.le-roi-babar.ch/wp-content/uploads/2013/08/maloja.08-20.010-1024x768.jpg" alt="" width="584" height="438" srcset="https://www.le-roi-babar.ch/wp-content/uploads/2013/08/maloja.08-20.010-1024x768.jpg 1024w, https://www.le-roi-babar.ch/wp-content/uploads/2013/08/maloja.08-20.010-300x225.jpg 300w, https://www.le-roi-babar.ch/wp-content/uploads/2013/08/maloja.08-20.010-768x576.jpg 768w, https://www.le-roi-babar.ch/wp-content/uploads/2013/08/maloja.08-20.010-400x300.jpg 400w" sizes="auto, (max-width: 584px) 100vw, 584px" /></a></p>
<p>Seine Besatzung weilt derweilen in den schweizerischen  Südalpen (woher kommen bloss plötzlich all die Touristenmassen &#8211; und all die elektromotorisierten Radfahrer, die im höheren Alter ihre Jugendjahre nachzuempfinden versuchen und  die Bergwanderwege zu Kampfzonen umfunktionieren??).</p>
<p>&#8222;Qui chaque année à Maloja viendra, longtemps sur terre restera&#8220;  heisst es an der Fassade unseres Nachbarhauses &#8211; gehen wir mal davon aus!</p>
<p>&nbsp;</p>

<p>2020&#8230;. .. das erste Coronajahr &#8211; ein &#8222;Fahrjahr&#8220; zum Vergessen&#8230;. Le Roi BABAR verbringt es im &#8222;Winterlager&#8220; am Trockenen &#8211; und ahnt bereits einen Eigentümerwechsel voraus. Seine Besatzung weilt derweilen in den schweizerischen  Südalpen (woher kommen bloss plötzlich all die &hellip; <a href="https://www.le-roi-babar.ch/?page_id=8890">Weiterlesen <span class="meta-nav">&rarr;</span></a></p>
